-v**3 - 4*v**2 + 2*v + 5. Let s(t) = t - 1. Let b be 3/(-9)*-3 - 0. Let z(c) = b*k(c) + 3*s(c). Calculate z(-5).
2
Let j(f) = 9*f. Suppose 5*u + 5*m - 45 = -10, 5*u - m = 5. Give j(u).
18
Let o(h) = h**2 + h + 3. Let r be o(0). Suppose 7 = -r*p - 2. Let m = p - 2. Let k(z) = -z**2 - 3*z + 2. Determine k(m).
-8
Suppose -p + 5*p = -16. Let s = 9 + p. Let b(j) = -j**3 + 4*j**2 + 6*j - 2. Let q be b(s). Let x(t) = t**3 - 3*t**2 + 2*t - 2. Calculate x(q).
4
Suppose 3*m = 8*m - 15. Let s(v) = -3*v + 3. Determine s(m).
-6
Let v(k) = k + 11. Suppose 5*l = 3*l + 10. Let t = -1 - l. Calculate v(t).
5
Let k = 41 - 61. Let w be (1 + -6)*4/k. Let q(r) = -10*r**2 + 7*r - 5. Let g(v) = 5*v**2 - 4*v + 3. Let n(o) = 5*g(o) + 3*q(o). Calculate n(w).
-4
Let w(h) = -h + 1. Let x be w(-1). Suppose -x*s = 2*z - 2 - 2, -12 = 4*s - z. Let o(b) = -b + 1. What is o(s)?
3
Let p(l) = 4*l**3 + 1 + 3*l - l + 0. Suppose 2 = g - 4. Let b = -7 + g. Give p(b).
-5
Let s = -1 - -2. Let i(l) = -l. Let t(y) = -4*y - 1. Let j(z) = 3*i(z) + t(z). Calculate j(s).
-8
Let l(m) be the second derivative of 3/2*m**2 + 0 - m + 5/6*m**3 - 1/12*m**4 - 1/20*m**5. Calculate l(-3).
6
Let l = -4 - 2. Let a(n) = 5*n**2 - n + 1. Let r(s) = 11*s**2 - 2*s + 2. Let k(t) = l*r(t) + 13*a(t). Let v be -1 - (-1 - 0)/(-1). Give k(v).
-1
Let a(f) = f**3 + 2*f**2 + 2. Suppose -s + 2*o = 3, 3*s - 2*o + 9 = o. Determine a(s).
-7
Let j(o) = o**2 + 6*o + 6. Suppose 13 = -t + 8. Calculate j(t).
1
Suppose 2*f - 7 = -u + f, 0 = u + 4*f - 22. Let l be u/7 - (-38)/14. Let n(q) be the second derivative of q**3/6 - 14*q. Calculate n(l).
3
Suppose 0 = 3*r - 3*g, 2*r = 4*g - 6*g - 20. Let j(l) be the first derivative of l**3/3 + 3*l**2/2 - 5*l + 10. Determine j(r).
5
Let l(m) = -4*m - 2. Let a(t) = t. Let u(y) = 2*a(y) + l(y). Suppose -4*p - 4*f = -4, 0*p + 2*p - 4*f = 8. Calculate u(p).
-6
Suppose -k + 1 + 3 = 0. Suppose j - 7 = a, k*a - 4 = 2*j - 6*j. Let h(v) = -v**3 - 2*v**2 + 1. Calculate h(a).
10
Let i(p) = p**2 - 7*p - 8. Let j be ((-18)/24)/(1/(-8)). Let r = j + 0. What is i(r)?
-14
Let m = 9 + -8. Let t = -3 + m. Let o(p) = 1. Let r(s) = 2*s**3 + 4*s**2 + 3*s - 3. Let b(x) = 5*o(x) + r(x). Determine b(t).
-4
Let o(d) = -2*d**2 + 7*d - 5. Let x(z) = -z**3 + 4*z**2 + 4. Let v be x(4). What is o(v)?
-9
Let j(d) = -9*d - 7. Let k(n) = -n. Let w(s) = -j(s) + 6*k(s). Calculate w(-5).
-8
Let v(l) = -4*l**3 - 5*l - 10. Let s(o) = 3*o**3 + o**2 + 5*o + 9. Let y(g) = -5*s(g) - 4*v(g). Determine y(6).
1
Suppose -n + 5*n = -16. Let g(v) = -v**3 - 4*v**2 - v - 3. Give g(n).
1
Suppose -5*k = 3*h + 6 + 5, 0 = -h + 3*k + 15. Let i(y) = 3*y - 3*y**3 + 4*y**3 + 0*y + 0*y**h - 4*y**2. What is i(2)?
-2
Let n(s) = -s**2 + 6*s + 8. Suppose 4*i - 6 = 22. Calculate n(i).
1
Let d = -8 + 5. Let w be (2 + d)*-1*-5. Let p(s) = s**2 + 5*s + 3. Calculate p(w).
3
Let p(j) = 5*j**2 - 23 + 0*j + 22 - 2*j. Suppose -i = 0, -4*g - 2*i + 0 - 4 = 0. Calculate p(g).
6
Let h be (-75)/12 - (-6)/(-8). Let s = -3 - h. Let z(y) = 2*y - 2. Determine z(s).
6
Suppose 10 = h - 3*h, -14 = 3*c + 4*h. Let w(p) = 0*p**3 + 0*p**c - 1 - 4 - p**3 - p - 5*p**2. What is w(-5)?
0
Let x(v) = -v**2 - 2*v + 5. Let w be (-1*15)/(3 + -2). Let l be (8/(-6))/((-5)/w). Give x(l).
-3
Let v(n) = n + 6. Let d be v(-10). Let l = d - 1. Let c(t) = 3*t**3 + 3*t. Let m(o) = -2*o**3 + o**2 - 3*o + 1. Let j(w) = 3*c(w) + 4*m(w). Determine j(l).
-6
Suppose 4*f = 3*f + 2. Suppose 3*j = 2*j + 1. Let b(u) = u - 6*u**3 + 2*u + u**2 + 4*u**3 - j. Calculate b(f).
-7
Let k(p) = 3*p**3 - 3*p**2 - 2*p + 4. Let g(h) = h**3 - h. Suppose -3*d - 4 = d. Let s(q) = d*k(q) + 4*g(q). Give s(-3).
2
Let m(j) = -j - 8. Let q = 11 - 6. Suppose q*i = 3*i. Suppose i = 4*w - w. Give m(w).
-8
Let a(q) = q**3 + 5*q**2 + 4*q - 1. Let g(m) = 2*m - 1. Let z be g(5). Suppose 4*w - w = -z. Calculate a(w).
5
Suppose 6 = -3*b - 18. Let y(l) = -l + 2. Give y(b).
10
Let j(a) = a**2 - 1. Let w(f) = 5*f**2 - f - 2. Let q(x) = 2*j(x) - w(x). Give q(-1).
-4
Let s(r) = r**2 - 6*r + 4. Let w = 21 - 16. Determine s(w).
-1
Let r(i) = i + 6. Suppose 0*x - 3*x = 0. Suppose 4*v - 24 = -x*v. Give r(v).
12
Let v(g) = g**3 + 5*g**2 + 8*g. Let s(x) = x**3 + 4*x**2 + 8*x + 2. Let a(j) = -2*s(j) + 3*v(j). Determine a(-6).
-16
Let j be (-20)/(-5) + (2 - 1). Let d(w) = j - 3 + w + 7. Determine d(-4).
5
Let r(f) = -f**3 - f**2 + 3*f - 2. Let l be r(-3). Let q(g) = g**3 - 6*g**2 - 6*g - 5. Give q(l).
2
Let a(u) be the second derivative of u**4/6 - 5*u**3/6 + 2*u**2 - 26*u. Calculate a(4).
16
Suppose 3 = -g + 5. Suppose -5*l + 3*l - 2*d = -g, -2*d = -2*l + 22. Let s = 5 - l. Let w(b) = -2*b**2 - b. What is w(s)?
-1
Let w(t) = -t**2 - 4. Suppose 0 = -2*l - 8, -5*z + 2*l = -0*l - 8. Suppose 3*b - 7*b = z. What is w(b)?
-4
Let f(p) = 3*p**3 + p**2 + p + 1. Let a be (-33)/11 - 4/(-2). What is f(a)?
-2
Let s(r) = -30 + 63 - 33 + 13*r**2. What is s(1)?
13
Suppose 2*h + 2 = 2*f - 4*f, 0 = 4*f - 3*h + 18. Let i(u) = u**2 + 3*u + 1. Give i(f).
1
Let l = -24 - -18. Let h(w) = w + 1. Give h(l).
-5
Let f(p) = p**2 + 12*p - 17. Let z be f(-13). Let v(s) = -2*s - 2. Give v(z).
6
Let v = 26 + -23. Suppose 0 = -w + v - 4. Let z(u) = -4*u**2 - u. Calculate z(w).
-3
Let a(o) = o**3 + 5*o**2 - 5*o - 2. Let z(x) = -x**3 - 6*x**2 + 2*x + 6. Suppose 8 - 38 = 5*g. Let n be z(g). What is a(n)?
-8
Let x(u) be the first derivative of -3*u**2/2 - 4*u + 1. Let p be 4 + -11 + 5 + -1. Determine x(p).
5
Let k(q) = q + 3 + 4*q - q - q. Determine k(-3).
-6
Let h(u) = 3*u**2 + 7*u + 5. Let c = -1 + 3. Let n(f) = 7*f**2 + 14*f + 10. Let o(g) = c*n(g) - 5*h(g). Calculate o(-5).
5
Let n = 27 + -21. Let r(v) = v**2 - 6*v - 4. Give r(n).
-4
Let z(n) be the second derivative of 1/4*n**4 + 3*n - 1/6*n**3 + 1/20*n**5 + 3/2*n**2 + 0. Give z(-4).
-9
Let t be (-12)/(-10)*(-30)/(-9). Let d(i) = -6 + i**3 - t*i**2 - 2*i**2 - 2. Determine d(6).
-8
Let w(u) = -8*u**2 + u + 1. Suppose 4*x - 4*p = 8, 0 = -0*x - 2*x + 4*p - 2. Suppose 6*o - x*o - 7 = -2*l, 3*o + 5*l - 17 = 0. What is w(o)?
-8
Let m(l) = -l**2 - 6*l - 7. Suppose 0 = 3*q - 4*d + 13, 8*q - 2*d + 45 = 3*q. Let j = q - -17. Let w be (j + -2)*(-5)/4. Determine m(w).
-2
Let f(x) = -x + 4. Let h be f(-7). Let i(p) = 3*p - h + 4 + p**2 - 3*p. Give i(0).
-7
Let d(w) be the second derivative of w**4/4 + w**3/2 - w**2 - 2*w. Let u(s) = -13*s**2 - 12*s + 7. Let c(q) = -9*d(q) - 2*u(q). Let l = -7 - -3. What is c(l)?
0
Let d(k) = 4*k**2 + 7*k - 6. Let r(a) = -3*a**2 - 6*a + 5. Let x(t) = 6*d(t) + 7*r(t). Determine x(-1).
2
Let t(a) = -a**2 + 8*a - 2. Suppose 0 = 6*s - 2*s - 2*p - 24, -2*p = 0. Give t(s).
10
Let p(i) = -i**2 + 8*i - 6. Suppose -s = 2*k - 12, s + k = -4*s + 24. Suppose -12 = -s*n + n. Let z be 5 + -2 + (n - 2). Give p(z).
9
Let n(y) = -y**3 + 12*y**2 + 4. Let i be n(12). Let b(v) = 6 + 2*v**2 + 3*v - 1 - 3*v**2. Give b(i).
1
Let s(u) = u**2 + 5*u**2 - 5 - 2*u**2 - 2*u + u**3. Suppose -5*o + 7 = -3. Suppose -3*y - r = o + 12, 3*y = -4*r - 20. Calculate s(y).
3
Let t be 1*(-6 + -1 + 1). Let g(v) be the third derivative of v**4/24 + v**3/3 + 23*v**2. Calculate g(t).
-4
Let h(i) = 2*i**2 + 1 - i**2 + 5*i**2. Let v be (-1)/2 - 54/(-12). Suppose 0 = 3*o - v + 1. Determine h(o).
7
Let v(w) = 4*w. Let g(o) = o**3 + 6*o**2 + 4*o - 5. Let z be g(-5). Let c(l) = l**2 - 8*l + 5. Let f be c(7). Let r = f + z. What is v(r)?
-8
Let a(s) = s - 4. Let d be ((-14)/(-5))/(2/10). Suppose 2*j = -5*k - 10 - d, 4 = -2*j. Let y = 8 + k. Determine a(y).
0
Let y(r) = 2*r**2. Let z(l) = l**2 + 3*l - 1. Let q be 1/(-1) + 2 - -3. Let b(x) = -x + 1. Let w be b(q). Let s be z(w). What is y(s)?
2
Let w(b) = b**3 - 2*b**2. Let p(r) = r**2 + 1 + 4*r - 4*r - r. Let i be p(2). Determine w(i).
9
Let o = -18 - -31. Suppose 0 = a + 4*s + o, a - s = 2*s + 15. Let f(l) = -l**3 + 0*l**2 + 8 - a - 4*l**2. Determine f(-4).
5
Let q(n) = n - 7. Let r = -2 - -2. Let f be 6/1 - (0 - r). Let a be 3/(0 + f/10). Calculate q(a).
-2
Let l(b) = b**3 - 2*b**2 - 5*b - 3. Suppose 2*o - 25 = -17. Determine l(o).
9
Let t(i) = -i**3 + 4*i**2 - 1. Let c be (-6)/(((-45)/(-6))/(-5)). Determine t(c).
-1
Suppose -3*l - 6 = -0*l. Let h(q) = -q**2 - 3*q + 1. What is h(l)?
3
Let l(b) be the first derivative of b**2/2 + 7. Determine l(3).
3
Let l be 2 + 0*2/(-4). Let c(f) = 0*f**l - 3*f*